
5
Suppose -124 = -25*x + 23*x. Suppose -x*z = -59*z - 1662. What is the tens digit of z?
5
Suppose -6*l + 7*l - 95 = 0. Let n = l + -78. Suppose 0 = -n*a + 7*a + 2100. What is the hundreds digit of a?
2
Suppose -5 + 6 = -d. What is the units digit of (-29025)/(-27) + 4*d?
1
Suppose -5*k - 28 = -4*q, -5*q + 18 = -2*q - 3*k. Suppose -6*j + 1856 = q*j. What is the hundreds digit of j?
2
Let g = 381 - 352. Let y(a) = -2*a + 198. What is the tens digit of y(g)?
4
Let y(a) = -29*a**2 - 6*a - 11. Let t be y(-2). Let s = 416 - t. What is the hundreds digit of s?
5
What is the ten thousands digit of (-627100)/(-26) + 1059/(-4589)?
2
Suppose 0 = 5*b - 605*x + 601*x - 91468, -54829 = -3*b - 5*x. What is the ten thousands digit of b?
1
Let n be (176/(-24) + 8)*9*-53. Let b = n + 345. What is the tens digit of b?
2
Let b(f) = 2*f + 12. Let i be b(3). Let k be (((-60)/(-8))/(-5))/((-3)/i). What is the units digit of 706/6 + ((-15)/k)/(-5)?
8
Let k be (-6)/(-2*(51/27 - 2)). What is the tens digit of -3*4/(-54) - 9795/k?
6
Suppose -146268 = 381*y - 398*y. What is the units digit of y?
4
Let x be (-66316)/(-59) - -2*1. Suppose 0 = 7*i - x - 190. What is the tens digit of i?
8
Let l(i) = -2*i**3 + 122*i**2 - i + 13. What is the hundreds digit of l(10)?
2
Suppose -4*t + 2*j + 0*j + 24 = 0, 16 = -4*j. Let m(h) = -h + h + 3 + 1699*h**2 - 3400*h**2 + 1703*h**2. What is the units digit of m(t)?
5
Suppose 56 = 9*k - 16*k. Let c(g) = g**3 + 8*g**2 - 8*g + 8. Let p be c(k). Let q = -58 + p. What is the tens digit of q?
1
Suppose 1 + 1 = o. Let f be (2 + 20/15)*54/12. What is the units digit of (-4)/o - -30*10/f?
8
Suppose z = o - 6240, -16*o - 3*z - 24955 = -20*o. What is the units digit of o?
5
Let p = -6576 - -9493. What is the hundreds digit of p?
9
What is the hundreds digit of (-4281)/(-9*(-2)/18*(-4)/28)?
9
Let o(a) = 233*a - 1. Let g be o(5). Suppose -5*k - 4*h - 2304 = 0, 1168 = -5*k + 3*h - g. What is the tens digit of 0 - (-6)/27 - k/18?
2
What is the units digit of 35*147*(-41 + 5275/125)?
4
Let b = -2669 - -6055. What is the tens digit of b?
8
Let y(t) = -39*t**2 - 19*t + 95. Let r(n) = 13*n**2 + 6*n - 32. Let z(o) = -17*r(o) - 6*y(o). What is the hundreds digit of z(4)?
2
Let x = 339 - 326. Let o(m) = m**2 - 7*m - 42. What is the units digit of o(x)?
6
Let g(j) = 32*j**2 - 81*j - 199. What is the hundreds digit of g(-23)?
5
Suppose 4*g + 2*t - 1062 = 0, -7*g - 5*t = -10*g + 829. Let x = g - 70. What is the hundreds digit of x?
1
Let f(r) = -3*r**3 - r**2. Let s be f(-1). Let c be ((-147)/(-147))/((-2)/(-942)). Suppose 2*z = 5*x - 78 - c, -s*x = z - 225. What is the units digit of x?
1
Suppose 0 = -7*b - 67*b - 54*b + 2285312. What is the tens digit of b?
5
Suppose -11*z = 2*u - 14*z - 8995, 4*u + z - 17969 = 0. What is the thousands digit of u?
4
Let j = 16643 - 5886. What is the tens digit of j?
5
Suppose 606*w + 14*w + 9424089 - 43185569 = 0. What is the tens digit of w?
5
Suppose -18*s + 37171 = 12709. What is the units digit of 435/(-75) - -5 - s/(-5)?
1
Suppose -6*w + 8*w = -t + 26, -t = -4*w - 2. Suppose 37*c = t*c + 9329. What is the units digit of c?
1
Let b = 21 + -13. Suppose -b*c = -4 - 36. Suppose -2*p + 2*q = -q - 72, -c*q = 0. What is the tens digit of p?
3
Let z = 67272 - 34227. What is the units digit of z?
5
Suppose 2*j = 3*j + h + 2, -5*h = -5. What is the units digit of (-3)/(2/j*189/27762)?
1
Let l(o) = -9 + 25 - 7 - 7 - 22*o. Let y(m) = 21*m - 3. Let a(u) = -2*l(u) - 3*y(u). What is the hundreds digit of a(-5)?
1
Suppose -379*d = -374*d - 85320. What is the hundreds digit of d?
0
Suppose -61043 = -v - 4*i, 79*v - 305143 = 74*v - 2*i. What is the tens digit of v?
2
Suppose 0 = 2*r - 4*r + 4*m + 22, r = -3*m + 11. Let u(a) = a**2 - 7*a - 20. Let w be u(r). Suppose -w*x = -23*x - 45. What is the units digit of x?
5
Suppose -4*f = 54 - 6. Let g(n) be the second derivative of n**4/6 + 5*n**3/3 + 25*n**2/2 + 22*n. What is the hundreds digit of g(f)?
1
Suppose -3*a - 5*z - 83 - 1074 = 0, -3*a - z - 1177 = 0. Let d = 546 + a. What is the tens digit of d?
5
Let t be (-4)/6 - (264/9)/(-8). Suppose -5*g + 2*g + b = -699, 927 = 4*g - t*b. What is the hundreds digit of g?
2
Let a(v) = -401*v - 27. Let g be a(-4). Suppose 0 = 5*c + r - g, -4*r = 3*c - 0*c - 936. What is the tens digit of c?
1
Suppose 0 = -8*q - 962 - 566. Let t = 287 + q. Suppose -17 + t = z. What is the tens digit of z?
7
Let h(w) be the third derivative of 1/60*w**5 - w**3 + 1/4*w**4 - 17*w**2 + 0 + 0*w. What is the units digit of h(-8)?
0
Let o(z) = -z**2 - 11*z + 29. Let l be o(-12). Suppose -2*t + 13*m - l*m + 1860 = 0, 3*t + 2*m = 2778. What is the units digit of t?
4
What is the tens digit of 20/(-140) + ((-5632)/(-21))/((-6)/(-99))?
2
Let f(c) be the second derivative of c**4/12 + 5*c**3/6 - c**2 - 3*c. Let y be f(-11). What is the units digit of 20/8*y/5?
2
Let j = 1 - -12. Let p = j - -277. What is the hundreds digit of p?
2
What is the ten thousands digit of 1618268/40 - (-177)/590?
4
Suppose 349*j = 11755684 - 1478681. What is the units digit of j?
7
What is the tens digit of 38602/2 - 2/(-2)?
0
Let k be 10*18/(-24)*-6. Suppose -k*t = -41*t - 804. What is the units digit of t?
1
Let p(g) = -3*g**3 - 52*g**2 - 18*g - 15. Suppose -4*a + 18 + 3 = -s, -2*s - 29 = 5*a. What is the units digit of p(s)?
2
Let h be -175 + (-4)/(-14)*7. Let x = h - -468. What is the hundreds digit of x?
2
Let q(u) = -3369*u - 1535. What is the hundreds digit of q(-11)?
5
Suppose 60*l - 41*l - 67317 = 0. What is the tens digit of l?
4
Suppose -33 + 45 = 6*q. Let x(t) = 147*t**2 - t + 1. Let z be x(1). Suppose -z = -o + 3*j, q*o + j - 391 = -o. What is the hundreds digit of o?
1
Suppose 0 = 18*k - 19*k - 668. What is the tens digit of 4/14 - 90/21 - k?
6
Let t(p) = -24*p - 36. Let l be t(16). Let a = -565 + 273. Let w = a - l. What is the tens digit of w?
2
Suppose -3*b = 4*h + 396, b + 5*h - 2 + 134 = 0. Let q(g) = 2*g**3 - 3*g**2 + 5*g - 1. Let i be q(5). Let p = i + b. What is the units digit of p?
7
Let l(k) = 31*k**2 + 5*k - 9. Let p be l(2). Let s = p - 63. What is the units digit of s?
2
Let d = -9 - 15. Let t be 18/d + ((-15)/(-4) - 3). What is the tens digit of 23966/115 - ((-6)/10 - t)?
0
Let n = 11218 - -1564. What is the units digit of n?
2
Let y be (-4)/(-18) + (-3712)/(-144). Suppose 604 = -y*d + 30*d. What is the units digit of d?
1
Let g = 31713 + -5738. What is the ten thousands digit of g?
2
Suppose m - 4 = 2*r, 0 = 3*m - 0*r - 2*r. Let l be 7/(-14)*(0 + m - -2). Suppose l = q - 129 - 12. What is the hundreds digit of q?
1
Suppose 0 = -59*z - 111769 - 9771. Let y = -1336 - z. What is the hundreds digit of y?
7
Let v = 56 - -466. Suppose v = -15*h + 24*h. Let s = 58 + h. What is the tens digit of s?
1
Let j be ((-68)/119)/((-4)/(-14)) - -4. What is the hundreds digit of (1 - j)/12 + 15698/24?
6
Let t be 110/(-20)*(0/4 + 2). What is the units digit of (-2694)/t - (-6)/66?
5
Suppose -6*h + 3*p + 99765 = -3*h, -h - 5*p + 33219 = 0. What is the tens digit of h?
4
What is the ten thousands digit of (-1 + (-5)/(-3) - 0)*(35825 + 67)?
2
What is the ten thousands digit of ((-63)/27 - -7)*(-184299)/(-23)?
3
Suppose 16*i = 9*i - 133. Let u(y) = 2*y**3 + 37*y**2 - 22*y - 47. What is the tens digit of u(i)?
1
Suppose -5*y = -4*k - 3536 + 135274, 0 = -2*y - 12. What is the ten thousands digit of k?
3
Let n(m) = 15*m + 626. What is the tens digit of n(-41)?
1
Suppose 255*u - 167943 = 252*u. What is the thousands digit of u?
5
Let h(n) = n**3 - 12*n**2 - 10*n - 37. Let x be h(13). Suppose 289 = 3*q + 4*o + o, -x*q + 195 = o. What is the units digit of q?
8
Let l = -57 + 69. Let d = l - 13. Let c(r) = -194*r - 4. What is the units digit of c(d)?
0
Let y(c) = -4*c - 21. Let w be y(-5). What is the tens digit of ((-5974)/(-10) - w) + (-26)/65?
9
Suppose -2*b + 2*j + 2 + 0 = 0, 0 = 4*b - 5*j - 1. Suppose b*y = 20, -5*w + y + 106 + 569 = 0. What is the tens digit of w?
3
Suppose 37 + 5 = -6*g. Let a(l) = -5*l - 21. Let h be a(g). Let j(s) = 7*s - 33. What is the units digit of j(h)?
5
Suppose -9*k + 133 = -2*k. Suppose -k*b = -8*b + 26565. What is the units digit of (b/12)/(-1) - (-5)/(-20)?
1
Let q = 27667 + -20805. What is the thousands digit of q?
6
Let s(n) = -2*n - 7. Let a be s(-5). Suppos